{"id":5698,"date":"2023-09-13T12:56:12","date_gmt":"2023-09-13T12:56:12","guid":{"rendered":"https:\/\/teatrumanoel.mt\/?page_id=5698"},"modified":"2023-09-18T08:58:12","modified_gmt":"2023-09-18T08:58:12","slug":"awdizzjonijiet-ta-cabaret","status":"publish","type":"page","link":"https:\/\/teatrumanoel.mt\/mt\/opportunities\/awdizzjonijiet-ta-cabaret\/","title":{"rendered":"Awdizzjonijiet ta&#8217; Cabaret"},"content":{"rendered":"\t\t<div data-elementor-type=\"wp-page\" data-elementor-id=\"5698\" class=\"elementor elementor-5698\" data-elementor-post-type=\"page\">\n\t\t\t\t\t\t<\/div>\n\t\t","protected":false},"excerpt":{"rendered":"<p>CABARET Ktieb minn Joe Masteroff Ibba\u017cat fuq ir-re\u010bta mini John Van Druten u Stejjer minn Christopher Isherwood Mu\u017cika minn John Kander Kliem ta&#8217; Fred Ebb Imtella&#8217; minn Teatru ManoelDirettri\u010bi Lucienne Camilleri&nbsp;Direttur Mu\u017cikali Ryan Paul Abela Dati tal-Provi:Parijiet Ewlenin: mit-8 ta&#8217; Jannar 2024 darbtejn fit-\u0121img\u0127a Il-kast kola: mit-18 Marzu 2023 g\u0127al 5 ijiem fil-\u0121img\u0127a Il-\u0120img\u0127a tal-Produzzjoni: [&hellip;]<\/p>\n","protected":false},"author":1,"featured_media":5545,"parent":5845,"menu_order":0,"comment_status":"closed","ping_status":"closed","template":"","meta":{"_acf_changed":false,"footnotes":""},"class_list":["post-5698","page","type-page","status-publish","has-post-thumbnail","hentry"],"acf":[],"_links":{"self":[{"href":"https:\/\/teatrumanoel.mt\/mt\/wp-json\/wp\/v2\/pages\/5698","targetHints":{"allow":["GET"]}}],"collection":[{"href":"https:\/\/teatrumanoel.mt\/mt\/wp-json\/wp\/v2\/pages"}],"about":[{"href":"https:\/\/teatrumanoel.mt\/mt\/wp-json\/wp\/v2\/types\/page"}],"author":[{"embeddable":true,"href":"https:\/\/teatrumanoel.mt\/mt\/wp-json\/wp\/v2\/users\/1"}],"replies":[{"embeddable":true,"href":"https:\/\/teatrumanoel.mt\/mt\/wp-json\/wp\/v2\/comments?post=5698"}],"version-history":[{"count":34,"href":"https:\/\/teatrumanoel.mt\/mt\/wp-json\/wp\/v2\/pages\/5698\/revisions"}],"predecessor-version":[{"id":6198,"href":"https:\/\/teatrumanoel.mt\/mt\/wp-json\/wp\/v2\/pages\/5698\/revisions\/6198"}],"up":[{"embeddable":true,"href":"https:\/\/teatrumanoel.mt\/mt\/wp-json\/wp\/v2\/pages\/5845"}],"wp:featuredmedia":[{"embeddable":true,"href":"https:\/\/teatrumanoel.mt\/mt\/wp-json\/wp\/v2\/media\/5545"}],"wp:attachment":[{"href":"https:\/\/teatrumanoel.mt\/mt\/wp-json\/wp\/v2\/media?parent=5698"}],"curies":[{"name":"wp","href":"https:\/\/api.w.org\/{rel}","templated":true}]}}

<p>CABARET Ktieb minn Joe Masteroff Ibbażat fuq ir-reċta mini John Van Druten u Stejjer minn Christopher Isherwood Mużika minn John Kander Kliem ta&#8217; Fred Ebb Imtella&#8217; minn Teatru ManoelDirettriċi Lucienne Camilleri&nbsp;Direttur Mużikali Ryan Paul Abela Dati tal-Provi:Parijiet Ewlenin: mit-8 ta&#8217; Jannar 2024 darbtejn fit-ġimgħa Il-kast kola: mit-18 Marzu 2023 għal 5 ijiem fil-ġimgħa Il-Ġimgħa tal-Produzzjoni: [&hellip;]</p>
